se 0 = 4*z - 5*y + 5, 3*y = -4*z + 5*y + 10. Suppose 45 + 35 = z*u. Let a = 27 - u. What is the tens digit of a?
1
Let i(s) = s**2 - 2*s - 35. Let z be i(-18). Suppose -t = -14*t + z. What is the units digit of t?
5
Let c(o) = -2*o**2 - 21*o - 13. Let u = -68 + 59. What is the tens digit of c(u)?
1
Let f(y) be the third derivative of -y**5/60 + 7*y**4/8 + y**3/2 + 20*y**2. What is the units digit of f(8)?
7
Let c = 43 - 26. Suppose -2 = 5*v - c. Suppose -5*r - v*t + 147 = 0, -2*t + 5*t = -3. What is the units digit of r?
0
Suppose 4*b + 751 = 5*b - 3*u, -5*u = -25. What is the units digit of b?
6
Let t be (-17974)/(-95) + (-1 - 1)/10. Suppose j = 3*x + t, 2*x - 242 = -3*j + 281. What is the units digit of j?
7
Suppose 33335 = 41*u + 18*u. What is the tens digit of u?
6
Suppose -4*w - 2*h = 6, 0*h + 2*h = 2*w. Let l be w/(-3 + 111/36). What is the units digit of -3 + l*(-1)/1?
9
Suppose -8*v = -5*l - 4*v + 584, 0 = 2*l - v - 233. Let c = -75 + l. What is the tens digit of c?
4
Let a be 1/1 - (-2 + 2 - 17). Let z = a + -4. What is the tens digit of z?
1
Suppose -5*c + 850 + 1410 = 0. What is the hundreds digit of c?
4
Let f(n) = -n**3 + 5*n**2 + 41*n + 82. What is the hundreds digit of f(-16)?
8
Let k(h) be the second derivative of h**7/2520 - h**6/90 + h**5/30 + 2*h**4/3 - 7*h. Let j(d) be the third derivative of k(d). What is the tens digit of j(10)?
2
Let t be 128/22 - (-4)/22. Let z(q) = 23*q - 22. What is the tens digit of z(t)?
1
Suppose 0 = -9*z + 67 + 41. What is the tens digit of z?
1
Suppose 3*v - 1162 = -f, 22 = 4*v - 4*f - 1538. What is the tens digit of v?
8
Let a(z) = z**3 + 6*z**2 + 6*z + 8. Let j be a(-8). Let n = j - -265. What is the tens digit of n?
9
Let k = -48 + 55. Suppose k*x = 170 + 82. What is the tens digit of x?
3
Suppose -7*d + 9*d = -98. Let o be (-14)/d - 24/(-14). Suppose -x = -o*x + 20. What is the tens digit of x?
2
Let z = -305 - -204. Let a = z - -226. What is the tens digit of a?
2
Let m(f) = 31*f**3 - 4*f**2 + 19*f - 50. What is the tens digit of m(3)?
0
Let b = -19 + 32. Let i be (-2)/(-6)*(b + 2). Suppose 0*w + i*w = 115. What is the units digit of w?
3
Let n(x) be the second derivative of -x**5/20 - x**4/3 - x**3/3 + x**2 + 5*x. Let t be n(-2). What is the units digit of t/((-57)/(-60) + -1)?
0
Let y = -567 - -1613. What is the tens digit of y?
4
Suppose -204 = -s - 2*b + 3*b, 0 = 2*b + 8. What is the hundreds digit of s?
2
Let v = 10 - 55. Let p = 636 + -718. Let r = v - p. What is the tens digit of r?
3
Let l = 28 + -21. Suppose -l*c + 27 + 547 = 0. What is the tens digit of c?
8
Let w(z) = 10*z**2 - 27*z - 4. What is the units digit of w(10)?
6
Let i = 152 + -310. What is the units digit of 20/50 - i/5?
2
Let w = 54 + -116. Let r = -29 - w. What is the units digit of r?
3
Let c be 0 + 0 - 8*25. Let t = -15 - c. What is the tens digit of t?
8
Suppose -9*h = -13*h - 468. Let z = 9 + h. What is the units digit of 1/((-4)/z) + 4?
1
What is the tens digit of 309*52/30 - 12/(-30)?
3
Suppose 3*x + 70 = 17*x. What is the units digit of (-14)/(-70) + 249/x?
0
Let u be (-1066)/18 + (-16)/(-72). Let g = 80 - u. What is the tens digit of g?
3
Suppose -8008 - 7692 = -20*l. What is the hundreds digit of l?
7
Suppose 5*f = -h + 2, 0 = 5*h + 4*f - 0*f - 31. Suppose h*c = 6*c + 8. What is the units digit of 6/c + (-157)/(-4)?
0
Let o(p) = p**3 - 10*p**2 + 15*p + 4. Let b be o(8). What is the tens digit of 5 + 1 + b + 150?
5
Let i = 77 - 86. Let w be (2/3)/(1/15). Let q = w + i. What is the units digit of q?
1
Let a(n) = -6*n**2 + 11*n**2 - 6*n - 2*n**2 - 6 - 2*n. What is the units digit of a(6)?
4
Let u be 1/(3/153*3). Suppose 3*m + 5*g - u = -1, -3*m - 2*g + 10 = 0. Suppose -m*r + 7 = 5*a + 2, 0 = -a + r + 1. What is the units digit of a?
1
Let b = -2842 - -4665. What is the tens digit of b?
2
Let p = 428 + 212. What is the tens digit of p?
4
Suppose -182 = -4*n - 2*d, d - 113 = -3*n + 24. Let p = n + 24. What is the tens digit of p?
7
Suppose 5*i + 13 = 43. Suppose 4*j - i*j = 4. What is the units digit of (24/(-15) - j)*40?
6
Let o(k) = -4*k**3 - 5*k**2 - 9*k + 5. What is the tens digit of o(-5)?
2
Suppose 3*x = 430 + 485. What is the units digit of x?
5
Let d(z) = -2*z**3 + 3*z**2 - 2*z - 4. Let r(p) = -3*p**3 + 5*p**2 - 5*p - 8. Let l(h) = 5*d(h) - 3*r(h). Suppose 3 = -3*c - 6. What is the tens digit of l(c)?
1
Let r(s) = 2*s + 38. Let b be r(-20). Let g = b + 60. What is the tens digit of g?
5
Let q(p) be the first derivative of 11*p**2/2 - 18*p + 1. What is the units digit of q(6)?
8
Let y(w) be the first derivative of w**4/4 - w**3/3 - 3*w**2/2 - 4*w + 2. Let m be y(3). Suppose 0 = s - m. What is the units digit of s?
5
Let j(l) = -l + 14. Let s be j(0). Let q = -12 + s. Suppose q*m - 26 = -2*n, m = 2*n - 30 + 1. What is the tens digit of n?
1
Let o = -441 + 1024. What is the units digit of o?
3
Let n(a) = -15*a - 30. Let j be n(6). What is the hundreds digit of ((-11)/22)/((-2)/12) - j?
1
Suppose 0 = 10*o - 0*o + 70. What is the tens digit of 93*(5 - (-3 - o))?
9
Let o(w) = 2*w + 27. Let p be o(-11). Suppose 1182 = p*k - 173. What is the tens digit of k?
7
Let l = -90 - -95. Suppose 3*i = 5*i + 3*q - 503, l*i = -5*q + 1250. What is the units digit of i?
7
Let f(y) = 63*y**2 - 13 + 7*y - 3 - 79*y**2 + y**3. What is the units digit of f(16)?
6
Let u = 6 - 3. Suppose u*o - 1295 = -2*o. What is the tens digit of o?
5
Let f = 406 - 260. What is the hundreds digit of f?
1
Let w(l) = l**2 - 2*l + 8. Let t be 162/48 + (-6)/16. What is the tens digit of w(t)?
1
Let h(v) = -v**2 + 36*v + 86. What is the hundreds digit of h(22)?
3
Let f be 8/4*59/(-2). Let u = 139 + f. What is the tens digit of u?
8
Let b(y) = -99*y - 69. What is the tens digit of b(-6)?
2
Suppose 3*l = l - i + 4, 4 = 2*l + 2*i. Let p = 0 + 0. Suppose -3*d = -p*h - h - 14, l*d = 10. What is the units digit of h?
1
Suppose -2*f - 3*f + 885 = 0. What is the tens digit of f?
7
Let t(z) = -6*z**2 + 8. Let y(r) = 7*r**2 - r - 7. Let c(x) = 6*t(x) + 5*y(x). Let h be c(-7). What is the units digit of (h - -1) + 3/3?
1
Let z(j) = -j**3 + 5*j**2 + 7*j - 9. Let q be z(6). What is the units digit of 68/(-6)*-13 + q/9?
7
Let g(q) = -79*q + 47. Let r be g(-6). Let b = r + -355. What is the hundreds digit of b?
1
Let q = -1548 - -1654. What is the hundreds digit of q?
1
Let x = -11 + 14. Suppose -4*a + x = -a. What is the units digit of a/(0 - 3/(-69))?
3
Let x be (-3 + 6)/(15/20). Suppose 0 = 2*d + 3*d + 15, -x*m + 36 = -4*d. What is the units digit of m?
6
Let a(g) = 30*g - 51. What is the tens digit of a(8)?
8
What is the thousands digit of (-6)/(667/670 - 1)?
1
Suppose 3*a + 33 - 90 = 0. What is the tens digit of a?
1
Let n be 279/(-5) + 7/(-35). Let g = 112 + n. What is the tens digit of g?
5
Suppose 5*r + 10 = -2*q, 4*r - 4*q + 36 = -0*q. Let i = -1 - r. Suppose -4*a = -i*a - 16. What is the units digit of a?
6
Let n(i) = 5*i**2 + 21*i - 24. What is the hundreds digit of n(28)?
4
Let n(c) = c**3 - 12*c**2 + 2*c - 17. Let p be (-3)/(-4 + (-30)/(-8)). Let v be n(p). What is the units digit of v + (-8)/2 - -31?
4
Suppose 4*s + 116 = 8*s. Suppose 5*u = -s + 9. Let m(w) = -w**3 - 2*w**2. What is the units digit of m(u)?
2
Let n = 3060 - 1760. What is the units digit of n?
0
Let r = -60 - -50. What is the units digit of 4/r + (-34)/(-10)?
3
What is the hundreds digit of 4 + (984 - (1 - -6))?
9
Let q be ((-2)/((-2)/117))/(57/76). Let m = q - -40. What is the units digit of m?
6
Let s be (15/(-10))/((-2)/(-4)). What is the tens digit of s*7*52/(-39)?
2
Suppose 0 = -18*f + 6085 + 1421. What is the units digit of f?
7
Let i(o) = -106*o + 89. What is the units digit of i(-6)?
5
Let l(w) be the second derivative of 2*w**3/3 - 17*w**2/2 - 34*w. What is the units digit of l(6)?
7
Let g(d) = 5*d**2 + 282*d - 6. What is the units digit of g(10)?
4
Let t(w) = 102*w**2 - 6*w - 2. What is the hundreds digit of t(3)?
8
Let f(t) = -t - 2. Let x be f(1). Let w(c) = -3*c - 2. Let y be w(x). Suppose -17 - y = -2*j. What is the units digit of j?
2
Let u be (10 - (1 + 0))*3. Let c be (-3 - -2)*(-11 + -2). Let g = u - c. What is the units digit of g?
4
Suppose -4 - 1 = 5*r. Let g be (-3 - -2 - r) + 0. Suppose g = -v + 3*v - 44. What is the units digit of v?
2
Let g(p) be the third de